{"id":331,"date":"2025-01-26T15:55:41","date_gmt":"2025-01-26T15:55:41","guid":{"rendered":"https:\/\/skingraphix.de\/?page_id=331"},"modified":"2026-04-01T09:37:49","modified_gmt":"2026-04-01T09:37:49","slug":"kontakt","status":"publish","type":"page","link":"https:\/\/skingraphix.de\/web\/index.php\/kontakt\/","title":{"rendered":"Kontakt"},"content":{"rendered":"<div data-colibri-id=\"331-c1\" class=\"style-387 style-local-331-c1 position-relative\">\n  <!---->\n  <div data-colibri-component=\"section\" data-colibri-id=\"331-c2\" id=\"custom\" class=\"h-section h-section-global-spacing d-flex align-items-lg-center align-items-md-center align-items-center style-388 style-local-331-c2 position-relative\">\n    <!---->\n    <div style=\"height: 100px; top: calc(0px);\" class=\"h-separator\">\n      <svg style=\"fill:rgb(102, 102, 102);\" xmlns=\"http:\/\/www.w3.org\/2000\/svg\" viewBox=\"0 0 283.5 18.8\" preserveAspectRatio=\"none\">\n        <polygon points=\"0 12.6 0 18.8 141.8 4.1 283.5 18.8 283.5 12.6 141.8 4 0 12.6\" opacity=\"0.25\" style=\"isolation:isolate\"><\/polygon>\n        <polygon points=\"283.5 12.6 283.5 6.4 141.8 4 283.5 12.6\" opacity=\"0.5\" style=\"isolation:isolate\"><\/polygon>\n        <polygon points=\"0 6.4 0 12.6 141.8 4 0 6.4\" opacity=\"0.5\" style=\"isolation:isolate\"><\/polygon>\n        <polygon points=\"0 1.2 0 6.4 141.8 4 0 1.2\" opacity=\"0.75\" style=\"isolation:isolate\"><\/polygon>\n        <polygon points=\"283.5 6.4 283.5 1.2 141.8 4 283.5 6.4\" opacity=\"0.75\" style=\"isolation:isolate\"><\/polygon>\n        <polygon points=\"0 0 0 1.2 141.8 4 283.5 1.2 283.5 0 0 0\"><\/polygon>\n      <\/svg>\n    <\/div>\n    <div style=\"height: 100px; bottom: calc(0px);\" class=\"h-separator\">\n      <svg style=\"fill:rgb(102, 102, 102);transform:rotateX(180deg);\" xmlns=\"http:\/\/www.w3.org\/2000\/svg\" viewBox=\"0 0 283.5 18.8\" preserveAspectRatio=\"none\">\n        <polygon points=\"0 12.6 0 18.8 141.8 4.1 283.5 18.8 283.5 12.6 141.8 4 0 12.6\" opacity=\"0.25\" style=\"isolation:isolate\"><\/polygon>\n        <polygon points=\"283.5 12.6 283.5 6.4 141.8 4 283.5 12.6\" opacity=\"0.5\" style=\"isolation:isolate\"><\/polygon>\n        <polygon points=\"0 6.4 0 12.6 141.8 4 0 6.4\" opacity=\"0.5\" style=\"isolation:isolate\"><\/polygon>\n        <polygon points=\"0 1.2 0 6.4 141.8 4 0 1.2\" opacity=\"0.75\" style=\"isolation:isolate\"><\/polygon>\n        <polygon points=\"283.5 6.4 283.5 1.2 141.8 4 283.5 6.4\" opacity=\"0.75\" style=\"isolation:isolate\"><\/polygon>\n        <polygon points=\"0 0 0 1.2 141.8 4 283.5 1.2 283.5 0 0 0\"><\/polygon>\n      <\/svg>\n    <\/div>\n    <div class=\"h-section-grid-container h-section-boxed-container\">\n      <!---->\n      <div data-colibri-id=\"331-c3\" class=\"h-row-container gutters-row-lg-2 gutters-row-md-2 gutters-row-0 gutters-row-v-lg-2 gutters-row-v-md-2 gutters-row-v-2 style-391 style-local-331-c3 position-relative\">\n        <!---->\n        <div class=\"h-row justify-content-lg-center justify-content-md-center justify-content-center align-items-lg-stretch align-items-md-stretch align-items-stretch gutters-col-lg-2 gutters-col-md-2 gutters-col-0 gutters-col-v-lg-2 gutters-col-v-md-2 gutters-col-v-2\">\n          <!---->\n          <div class=\"h-column h-column-container d-flex h-col-lg-auto h-col-md-auto h-col-auto style-392-outer style-local-331-c4-outer\">\n            <div data-colibri-id=\"331-c4\" class=\"d-flex h-flex-basis h-column__inner h-px-lg-2 h-px-md-2 h-px-2 v-inner-lg-2 v-inner-md-2 v-inner-2 style-392 style-local-331-c4 position-relative\">\n              <!---->\n              <!---->\n              <div class=\"w-100 h-y-container h-column__content h-column__v-align flex-basis-100 align-self-lg-start align-self-md-start align-self-start\">\n                <!---->\n                <div data-colibri-id=\"331-c5\" class=\"h-global-transition-all h-heading style-393 style-local-331-c5 position-relative h-element\">\n                  <!---->\n                  <div class=\"h-heading__outer style-393 style-local-331-c5\">\n                    <!---->\n                    <!---->\n                    <h1 class=\"\">Kontakt<\/h1>\n                  <\/div>\n                <\/div>\n              <\/div>\n            <\/div>\n          <\/div>\n        <\/div>\n      <\/div>\n      <div data-colibri-id=\"331-c6\" class=\"h-row-container gutters-row-lg-2 gutters-row-md-2 gutters-row-0 gutters-row-v-lg-2 gutters-row-v-md-2 gutters-row-v-2 style-394 style-local-331-c6 position-relative\">\n        <!---->\n        <div class=\"h-row justify-content-lg-center justify-content-md-center justify-content-center align-items-lg-stretch align-items-md-stretch align-items-stretch gutters-col-lg-2 gutters-col-md-2 gutters-col-0 gutters-col-v-lg-2 gutters-col-v-md-2 gutters-col-v-2\">\n          <!---->\n          <div class=\"h-column h-column-container d-flex h-col-lg-auto h-col-md-auto h-col-auto style-395-outer style-local-331-c7-outer\">\n            <div data-colibri-id=\"331-c7\" class=\"d-flex h-flex-basis h-column__inner h-px-lg-2 h-px-md-2 h-px-2 v-inner-lg-2 v-inner-md-2 v-inner-2 style-395 style-local-331-c7 position-relative\">\n              <!---->\n              <!---->\n              <div class=\"w-100 h-y-container h-column__content h-column__v-align flex-basis-100 align-self-lg-start align-self-md-start align-self-start\">\n                <!---->\n                <div data-colibri-id=\"331-c8\" class=\"h-text h-text-component style-396 style-local-331-c8 position-relative h-element\">\n                  <!---->\n                  <!---->\n                  <div class=\"\">\n                    <p>Hier kannst Du uns Dein Anliegen gerne per e-Mail, oder \u00fcber whatsapp zukommen lassen.&nbsp;<\/p>\n                  <\/div>\n                <\/div>\n              <\/div>\n            <\/div>\n          <\/div>\n        <\/div>\n      <\/div>\n      <div data-colibri-id=\"331-c18\" class=\"h-row-container gutters-row-lg-2 gutters-row-md-2 gutters-row-0 gutters-row-v-lg-2 gutters-row-v-md-2 gutters-row-v-2 style-723 style-local-331-c18 position-relative\">\n        <!---->\n        <div class=\"h-row justify-content-lg-center justify-content-md-center justify-content-center align-items-lg-stretch align-items-md-stretch align-items-stretch gutters-col-lg-2 gutters-col-md-2 gutters-col-0 gutters-col-v-lg-2 gutters-col-v-md-2 gutters-col-v-2\">\n          <!---->\n          <div class=\"h-column h-column-container d-flex h-col-lg-auto h-col-md-auto h-col-auto style-724-outer style-local-331-c19-outer\">\n            <div data-colibri-id=\"331-c19\" class=\"d-flex h-flex-basis h-column__inner h-ui-empty-state-container h-px-lg-2 h-px-md-2 h-px-2 v-inner-lg-2 v-inner-md-2 v-inner-2 style-724 style-local-331-c19 position-relative\">\n              <!---->\n              <!---->\n              <div class=\"w-100 h-y-container h-column__content h-column__v-align flex-basis-100\">\n                <!---->\n              <\/div>\n            <\/div>\n          <\/div>\n        <\/div>\n      <\/div>\n      <div data-colibri-id=\"331-c21\" class=\"h-row-container gutters-row-lg-2 gutters-row-md-2 gutters-row-0 gutters-row-v-lg-2 gutters-row-v-md-2 gutters-row-v-2 style-725 style-local-331-c21 position-relative\">\n        <!---->\n        <div class=\"h-row justify-content-lg-center justify-content-md-center justify-content-center align-items-lg-stretch align-items-md-stretch align-items-stretch gutters-col-lg-2 gutters-col-md-2 gutters-col-0 gutters-col-v-lg-2 gutters-col-v-md-2 gutters-col-v-2\">\n          <!---->\n          <div class=\"h-column h-column-container d-flex h-col-lg-auto h-col-md-auto h-col-auto style-726-outer style-local-331-c22-outer\">\n            <div data-colibri-id=\"331-c22\" class=\"d-flex h-flex-basis h-column__inner h-ui-empty-state-container h-px-lg-2 h-px-md-2 h-px-2 v-inner-lg-2 v-inner-md-2 v-inner-2 style-726 style-local-331-c22 position-relative\">\n              <!---->\n              <!---->\n              <div class=\"w-100 h-y-container h-column__content h-column__v-align flex-basis-100\">\n                <!---->\n              <\/div>\n            <\/div>\n          <\/div>\n        <\/div>\n      <\/div>\n      <div data-colibri-id=\"331-c9\" class=\"h-row-container gutters-row-lg-2 gutters-row-md-2 gutters-row-0 gutters-row-v-lg-2 gutters-row-v-md-2 gutters-row-v-2 style-661 style-local-331-c9 position-relative\">\n        <!---->\n        <div class=\"h-row justify-content-lg-center justify-content-md-center justify-content-center align-items-lg-stretch align-items-md-stretch align-items-stretch gutters-col-lg-2 gutters-col-md-2 gutters-col-0 gutters-col-v-lg-2 gutters-col-v-md-2 gutters-col-v-2\">\n          <!---->\n          <div class=\"h-column h-column-container d-flex h-col-lg-auto h-col-md-auto h-col-auto style-662-outer style-local-331-c10-outer\">\n            <div data-colibri-id=\"331-c10\" class=\"d-flex h-flex-basis h-column__inner h-px-lg-2 h-px-md-2 h-px-2 v-inner-lg-2 v-inner-md-2 v-inner-2 style-662 style-local-331-c10 position-relative\">\n              <!---->\n              <!---->\n              <div class=\"w-100 h-y-container h-column__content h-column__v-align flex-basis-100 align-self-lg-start align-self-md-start align-self-start\">\n                <!---->\n                <div data-colibri-id=\"331-c11\" class=\"h-x-container style-691 style-local-331-c11 position-relative h-element\">\n                  <!---->\n                  <div class=\"h-x-container-inner style-dynamic-331-c11-group style-691-spacing style-local-331-c11-spacing\"><span class=\"h-button__outer style-692-outer style-local-331-c12-outer d-inline-flex h-element\"><a h-use-smooth-scroll=\"true\" href=\"mailto:info@skingraphix.de\"  data-colibri-id=\"331-c12\" class=\"d-flex w-100 align-items-center h-button justify-content-lg-center justify-content-md-center justify-content-center style-692 style-local-331-c12 position-relative\"><!----><!----> <span>Email Senden<\/span><\/a>\n                    <\/span>\n                  <\/div>\n                <\/div>\n                <div data-colibri-id=\"331-c13\" class=\"h-text h-text-component style-693 style-local-331-c13 position-relative h-element\">\n                  <!---->\n                  <!---->\n                  <div class=\"\">\n                    <p>Skingraphix Tattoo Studio<\/p>\n                    <p>by Mike Pedross<\/p>\n                    <p>Niederstra\u00dfe 19 \/ 13158 Berlin<\/p>\n                    <p>\n                      <br>\n                    <\/p>\n                    <p>\u00d6ffnungszeiten:<\/p>\n                    <p>Dienstags bis Freitags: 14 Uhr \u2013 19 Uhr<\/p>\n                    <p>Samstags: 14 Uhr \u2013 18 Uhr<\/p>\n                  <\/div>\n                <\/div>\n                <div data-colibri-id=\"331-c14\" class=\"h-text h-text-component style-402 style-local-331-c14 position-relative h-element\">\n                  <!---->\n                  <!---->\n                  <div class=\"\">\n                    <p>Nat\u00fcrlich kannst du uns auch im Studio anrufen ( Bitte immer, dein Anliegen und deine Telefonnummer auf dem<\/p>\n                    <p>Anrufbeantworter hinterlassen. Meist sind wir am Arbeiten und k\u00f6nnen dann nicht gleich selber ans Telefon),<\/p>\n                    <p>\n                      <br>\n                    <\/p>\n                    <p>\n                      <br>\n                    <\/p>\n                    <p>Tel.:&nbsp;\n                      <a href=\"tel:03049586446\" rel=\"nofollow\" target=\"_blank\" style=\"font-family: &quot;Open Sans&quot;; font-weight: 400; font-size: 1em; color: rgb(0, 102, 204);\">030 \u2013 49 85 64 46<\/a>\n                    <\/p>\n                    <p>-&gt;&nbsp;\n                      <a href=\"https:\/\/wa.me\/+4917664312250\" rel=\"nofollow\" target=\"_blank\" style=\"font-family: &quot;Open Sans&quot;; font-weight: 400; font-size: 1em; color: rgb(0, 102, 204);\" class=\"customize-unpreviewable\">F\u00fcr whatsapp hier klicken<\/a>&nbsp;&lt;-&nbsp;<\/p>\n                    <p>\n                      <a href=\"mailto:info@skingraphix.de\" target=\"_blank\" style=\"font-family: &quot;Open Sans&quot;; font-weight: 400; font-size: 1em; color: rgb(0, 102, 204);\">info@skingraphix.de<\/a>\n                    <\/p>\n                    <p>\n                      <br>\n                    <\/p>\n                    <p>\n                      <br>\n                    <\/p>\n                  <\/div>\n                <\/div>\n              <\/div>\n            <\/div>\n          <\/div>\n          <div class=\"h-column h-column-container d-flex h-col-lg-auto h-col-md-auto h-col-auto style-720-outer style-local-331-c15-outer\">\n            <div data-colibri-id=\"331-c15\" class=\"d-flex h-flex-basis h-column__inner h-px-lg-2 h-px-md-2 h-px-2 v-inner-lg-2 v-inner-md-2 v-inner-2 style-720 style-local-331-c15 position-relative\">\n              <!---->\n              <!---->\n              <div class=\"w-100 h-y-container h-column__content h-column__v-align flex-basis-100 align-self-lg-start align-self-md-start align-self-start\">\n                <!---->\n                <div data-colibri-id=\"331-c16\" class=\"h-text h-text-component style-693 style-local-331-c16 position-relative h-element\">\n                  <!---->\n                  <!---->\n                  <div class=\"\">\n                    <p>&#8230;oder Du vereinbarst im Kalender unten direkt einen Termin f\u00fcr ein kostenloses Beratungsgespr\u00e4ch, insofern Du schon wei\u00dft, was f\u00fcr ein Tattoo Du m\u00f6chtest.<\/p>\n                  <\/div>\n                <\/div>\n                <div data-colibri-id=\"331-c23\" class=\"style-722 style-local-331-c23 position-relative h-element\">\n                  <!---->\n                  <div class=\"\">\n                    <!-- Cal inline embed code begins -->\n                    <div style=\"width:100%;height:100%;overflow:scroll\" id=\"my-cal-inline-kostenlose-erstberatung-1-stunde\"><\/div>\n                    <script type=\"text\/javascript\">\n                      (function(C, A, L) {\n                        let p = function(a, ar) {\n                          a.q.push(ar);\n                        };\n                        let d = C.document;\n                        C.Cal = C.Cal || function() {\n                          let cal = C.Cal;\n                          let ar = arguments;\n                          if (!cal.loaded) {\n                            cal.ns = {};\n                            cal.q = cal.q || [];\n                            d.head.appendChild(d.createElement(\"script\")).src = A;\n                            cal.loaded = true;\n                          }\n                          if (ar[0] === L) {\n                            const api = function() {\n                              p(api, arguments);\n                            };\n                            const namespace = ar[1];\n                            api.q = api.q || [];\n                            if (typeof namespace === \"string\") {\n                              cal.ns[namespace] = cal.ns[namespace] || api;\n                              p(cal.ns[namespace], ar);\n                              p(cal, [\"initNamespace\", namespace]);\n                            } else p(cal, ar);\n                            return;\n                          }\n                          p(cal, ar);\n                        };\n                      })(window, \"https:\/\/app.cal.eu\/embed\/embed.js\", \"init\");\n                      Cal(\"init\", \"kostenlose-erstberatung-1-stunde\", {\n                        origin: \"https:\/\/app.cal.eu\"\n                      });\n\n                      Cal.ns[\"kostenlose-erstberatung-1-stunde\"](\"inline\", {\n                        elementOrSelector: \"#my-cal-inline-kostenlose-erstberatung-1-stunde\",\n                        config: {\n                          \"layout\": \"month_view\",\n                          \"useSlotsViewOnSmallScreen\": \"true\"\n                        },\n                        calLink: \"info-skingraphix.de\/kostenlose-erstberatung-1-stunde\",\n                      });\n\n                      Cal.ns[\"kostenlose-erstberatung-1-stunde\"](\"ui\", {\n                        \"hideEventTypeDetails\": false,\n                        \"layout\": \"month_view\"\n                      });\n                    <\/script>\n                    <!-- Cal inline embed code ends -->\n                  <\/div>\n                <\/div>\n              <\/div>\n            <\/div>\n          <\/div>\n        <\/div>\n      <\/div>\n    <\/div>\n  <\/div>\n<\/div>","protected":false},"excerpt":{"rendered":"<p>Kontakt Hier kannst Du uns Dein Anliegen gerne per e-Mail, oder \u00fcber whatsapp zukommen lassen.&nbsp; Email Senden Skingraphix Tattoo Studio by Mike Pedross Niederstra\u00dfe 19 \/ 13158 Berlin \u00d6ffnungszeiten: Dienstags bis Freitags: 14 Uhr \u2013 19 Uhr Samstags: 14 Uhr \u2013 18 Uhr Nat\u00fcrlich kannst du uns auch im Studio anrufen ( Bitte immer, dein [&hellip;]<\/p>\n","protected":false},"author":2,"featured_media":0,"parent":0,"menu_order":0,"comment_status":"closed","ping_status":"closed","template":"page-templates\/full-width-page.php","meta":{"_monsterinsights_skip_tracking":false,"_monsterinsights_sitenote_active":false,"_monsterinsights_sitenote_note":"","_monsterinsights_sitenote_category":0,"footnotes":""},"class_list":["post-331","page","type-page","status-publish","hentry"],"aioseo_notices":[],"_links":{"self":[{"href":"https:\/\/skingraphix.de\/web\/index.php\/wp-json\/wp\/v2\/pages\/331","targetHints":{"allow":["GET"]}}],"collection":[{"href":"https:\/\/skingraphix.de\/web\/index.php\/wp-json\/wp\/v2\/pages"}],"about":[{"href":"https:\/\/skingraphix.de\/web\/index.php\/wp-json\/wp\/v2\/types\/page"}],"author":[{"embeddable":true,"href":"https:\/\/skingraphix.de\/web\/index.php\/wp-json\/wp\/v2\/users\/2"}],"replies":[{"embeddable":true,"href":"https:\/\/skingraphix.de\/web\/index.php\/wp-json\/wp\/v2\/comments?post=331"}],"version-history":[{"count":12,"href":"https:\/\/skingraphix.de\/web\/index.php\/wp-json\/wp\/v2\/pages\/331\/revisions"}],"predecessor-version":[{"id":3331,"href":"https:\/\/skingraphix.de\/web\/index.php\/wp-json\/wp\/v2\/pages\/331\/revisions\/3331"}],"wp:attachment":[{"href":"https:\/\/skingraphix.de\/web\/index.php\/wp-json\/wp\/v2\/media?parent=331"}],"curies":[{"name":"wp","href":"https:\/\/api.w.org\/{rel}","templated":true}]}}