{"id":636,"date":"2025-01-28T12:53:52","date_gmt":"2025-01-28T12:53:52","guid":{"rendered":"https:\/\/skingraphix.de\/?page_id=636"},"modified":"2026-03-30T19:32:49","modified_gmt":"2026-03-30T19:32:49","slug":"geschaeftsbedingungen","status":"publish","type":"page","link":"https:\/\/skingraphix.de\/web\/index.php\/geschaeftsbedingungen\/","title":{"rendered":"Gesch\u00e4ftsbedingungen"},"content":{"rendered":"<div data-colibri-id=\"636-c1\" class=\"style-422 style-local-636-c1 position-relative\">\n  <!---->\n  <div data-colibri-component=\"section\" data-colibri-id=\"636-c2\" id=\"custom\" class=\"h-section h-section-global-spacing d-flex align-items-lg-center align-items-md-center align-items-center style-423 style-local-636-c2 position-relative\">\n    <!---->\n    <!---->\n    <div class=\"h-section-grid-container h-section-boxed-container\">\n      <!---->\n      <div data-colibri-id=\"636-c3\" class=\"h-row-container gutters-row-lg-2 gutters-row-md-2 gutters-row-0 gutters-row-v-lg-2 gutters-row-v-md-2 gutters-row-v-2 style-424 style-local-636-c3 position-relative\">\n        <!---->\n        <div class=\"h-row justify-content-lg-center justify-content-md-center justify-content-center align-items-lg-stretch align-items-md-stretch align-items-stretch gutters-col-lg-2 gutters-col-md-2 gutters-col-0 gutters-col-v-lg-2 gutters-col-v-md-2 gutters-col-v-2\">\n          <!---->\n          <div class=\"h-column h-column-container d-flex h-col-lg-auto h-col-md-auto h-col-auto style-425-outer style-local-636-c4-outer\">\n            <div data-colibri-id=\"636-c4\" class=\"d-flex h-flex-basis h-column__inner h-px-lg-2 h-px-md-2 h-px-2 v-inner-lg-2 v-inner-md-2 v-inner-2 style-425 style-local-636-c4 position-relative\">\n              <!---->\n              <!---->\n              <div class=\"w-100 h-y-container h-column__content h-column__v-align flex-basis-100 align-self-lg-start align-self-md-start align-self-start\">\n                <!---->\n                <div data-colibri-id=\"636-c5\" class=\"h-text h-text-component style-426 style-local-636-c5 position-relative h-element\">\n                  <!---->\n                  <!---->\n                  <div class=\"\">\n                    <h2>Gesch\u00e4ftsbedingungen<\/h2>\n                    <p>Bei Skingraphix Tattoo ist es uns sehr wichtig, ein tolles T\u00e4towier-Erlebnis zu kreieren \u2013 und zwar f\u00fcr&nbsp;<em style=\"font-family: open_sansitalic;\">beide<\/em>&nbsp;Seiten. F\u00fcr Kundinnen und Kunden, die uns mit Respekt behandeln\n                      und nach unseren Regeln spielen, gehen wir die Extrameile. Alle anderen d\u00fcrfen sich gerne ein anderes Studio suchen.<\/p>\n                    <h4>Anzahlung<\/h4>\n                    <p>F\u00fcr deinen Tattootermin berechnen wir eine Anzahlung. Diese betr\u00e4gt&nbsp;<strong style=\"font-family: open_sansregular;\">minimal 100 \u20ac&nbsp;<\/strong>und&nbsp;<strong style=\"font-family: open_sansregular;\">maximal 20 Prozent<\/strong>&nbsp;des\n                      gesch\u00e4tzten&nbsp;<strong style=\"font-family: open_sansregular;\">Endpreises<\/strong>. Deine Anzahlung verrechnen wir grunds\u00e4tzlich in der letzten Sitzung, also wenn wir dein Tattoo fertigstellen. Du brauchst mehr Informationen? Hier\n                      geht es zu unseren&nbsp;<strong style=\"font-family: open_sansregular; color: rgb(255, 255, 255);\">Tattoo-Preisen<\/strong>.<\/p>\n                    <p>ACHTUNG! Wir akzeptieren weder Kredit-, noch EC-Karten! Sowohl die Anzahlung als auch die einzelnen Sitzungen sind&nbsp;<strong style=\"font-family: open_sansregular;\">in Bar&nbsp;<\/strong>zu bezahlen.<\/p>\n                    <h4><span style=\"color: rgb(252, 252, 252);\">Terminabsage &amp; Fristen<\/span><\/h4>\n                    <p>Solltest du deinen Termin absagen wollen, kannst du dies bis&nbsp;<strong style=\"font-family: open_sansregular;\">sp\u00e4testens 48 Stunden<\/strong>&nbsp;vor deinem Termin ohne Angabe deiner Gr\u00fcnde tun. Die Absage hat schriftlich per E-Mail\n                      an&nbsp;<strong style=\"font-family: open_sansregular;\">info@skingraphix.de<\/strong>&nbsp;zu erfolgen. In diesem Fall&nbsp;<strong style=\"font-family: open_sansregular;\">erstatten wir&nbsp;<\/strong>dir deine Anzahlung in voller H\u00f6he\n                      zur\u00fcck. Sollten wir schon einen Tattoo-Entwurf erstellt haben wird die Anzahlung damit verrechnet und Dir \u00fcbergeben.<\/p>\n                    <p>Sagst du sp\u00e4ter als 48 Stunden vor deinem Termin oder gar nicht ab,&nbsp;<strong style=\"font-family: open_sansregular;\">behalten wir deine Anzahlung ein<\/strong>, um unseren Arbeitsausfall zu kompensieren. Haben wir von dir keine E-Mail\n                      erhalten und kannst du auch nicht nachweisen, diese fristgerecht gesendet zu haben,&nbsp;<strong style=\"font-family: open_sansregular;\">behalten wir deine Anzahlung ebenfalls ein<\/strong>.\n                      <br>\n                    <\/p>\n                    <h4><span style=\"color: rgb(254, 254, 255);\">Vorbereitung &amp; Sketches<\/span><\/h4>\n                    <p>In jedem genialen Tattoo steckt viel Planungszeit, die du&nbsp;<em style=\"font-family: open_sansitalic;\">nicht<\/em>&nbsp;bezahlst. Die Beratung im Studio, das Design und die Blaupause kurz vor dem Stechen: All das sind&nbsp;\n                      <strong\n                        style=\"font-family: open_sansregular;\">unsere On-Top-Leistungen<\/strong>&nbsp;f\u00fcr dein Tattoo-Erlebnis. Abrechnen tun wir am Ende aber nur die Stunden, die du unter unserer Nadel verbringst. Aus diesem Grund haben unsere Leistungen im Vorfeld ein Limit:<\/p>\n                    <p>(1) Wir erstellen pro Tattoo&nbsp;<strong style=\"font-family: open_sansregular;\">maximal zwei&nbsp;<\/strong>Vorlagen (Sketches). Diese Sketches passen wir nach deinem Feedback nochmal minimal an.<\/p>\n                    <p>(2) M\u00fcssen wir&nbsp;<strong style=\"font-family: open_sansregular;\">neue Vorlagen&nbsp;<\/strong>anfertigen, weil du dein Motiv kurzfristig wechseln m\u00f6chtest, berechnen wir diesen&nbsp;<strong style=\"font-family: open_sansregular;\">Aufwand extra<\/strong>.<\/p>\n                    <p>(3) Ein Sketch ist ein Sketch und kein Foto: Wenn du dir eine Vorlage in Foto-Qualit\u00e4t w\u00fcnschst, dann ist das nat\u00fcrlich m\u00f6glich, wird von uns aber extra berechnet.<\/p>\n                    <p>(4) Die Skizze\/der Sketch zu deinem neuen Tattoo ist grunds\u00e4tzlich ers<strong style=\"font-family: open_sansregular;\">t 2-3 Tage vor deinem Termin fertig<\/strong>. Gef\u00e4llt er dir nicht, hast du dann immer noch gen\u00fcgend Zeit, um deinen\n                      Termin abzusagen. In diesem Fall behalten wir die Anzahlung aber ein und du bekommst die von uns entwickelte Skizze. ( Die Anzahlung ist bei Terminabsagen immer weg, sobald wir mit dem Entwurf schon in Arbeit gegangen sind).<\/p>\n                    <p>Wie du dich auf deinen Tattoo-Termin vorbereiten kannst (und solltest), kannst du hier nachlesen:&nbsp;\n                      <a href=\"https:\/\/skingraphix.de\/web\/index.php\/preise\" target=\"_blank\" style=\"font-family: open_sansregular; color: rgb(255, 255, 255);\"><strong>Vorbereitung auf deinen Termin<\/strong><\/a>\n                    <\/p>\n                    <p>Komm zu deinem Termin bitte ALLEINE. An diesem Tag geht es um DICH und darum, dass du das beste Tattoo bekommst, das du dir w\u00fcnschen kannst. Daf\u00fcr ist es wichtig, dass dein Tattoo Artist sich voll und ganz auf dich konzentrieren kann.\n                      Und das vertr\u00e4gt sich nicht mit neugierigen Freunden.<\/p>\n                    <p>Deine Kinder sind zu Hause \u00fcbrigens auch besser aufgehoben. Und nein, das ist keine Empfehlung: Kinder bitte nicht mitbringen.&nbsp;<\/p>\n                    <p>\n                      <br>\n                    <\/p>\n                    <p>Erscheinst du zu deinem Termin in einem Zustand, in dem wir&nbsp;<strong style=\"font-family: open_sansregular;\">nicht verantworten k\u00f6nnen<\/strong>, dich zu t\u00e4towieren (zum Beispiel alkoholisiert oder unter anderweitigigem Einfluss),\n                      verf\u00e4llt der Termin und wir behalten deine Anzahlung ein. Wir behalten uns in diesem Fall auch vor, etwaige weitere Termine zu stornieren.<\/p>\n                    <h3><span style=\"color: rgb(254, 254, 254);\">Versp\u00e4tungen<\/span><\/h3>\n                    <p>Du kommst zwei Stunden zu sp\u00e4t zu deinem Termin? Wir t\u00e4towieren dich trotzdem! Allerdings<strong style=\"font-family: open_sansregular;\">&nbsp;berechnen wir auch den kompletten Tagessatz<\/strong>. Schlie\u00dflich haben wir diese Zeit fest\n                      f\u00fcr dich geblockt und k\u00f6nnen sie auch nicht mehr anderweitig verkaufen.<\/p>\n                    <p>Wir t\u00e4towieren nie l\u00e4nger als&nbsp;<strong style=\"font-family: open_sansregular;\">vier Stunden pro Tagessitzung<\/strong>, weil wir weder deine Haut \u00fcberreizen, noch&nbsp;<strong style=\"font-family: open_sansregular;\">unsere Konzentration&nbsp;<\/strong>gef\u00e4hrden\n                      wollen. Das wirst du uns sp\u00e4testens dann danken, wenn dein Tattoo auch nach zehn Jahren immer noch aussieht wie frisch gestochen.&nbsp;<\/p>\n                    <p>\n                      <br>\n                    <\/p>\n                    <p>Du hast noch andere Fragen? (\n                      <a href=\"https:\/\/skingraphix.de\/index.php\/kontakt\" target=\"_blank\" style=\"font-family: open_sansregular; color: rgb(255, 255, 255);\" class=\"customize-unpreviewable\"><strong>Kontakt<\/strong><\/a>)<\/p>\n                    <p>\n                      <br>\n                    <\/p>\n                    <p>\n                      <br>\n                    <\/p>\n                  <\/div>\n                <\/div>\n              <\/div>\n            <\/div>\n          <\/div>\n        <\/div>\n      <\/div>\n    <\/div>\n  <\/div>\n<\/div>","protected":false},"excerpt":{"rendered":"<p>Gesch\u00e4ftsbedingungen Bei Skingraphix Tattoo ist es uns sehr wichtig, ein tolles T\u00e4towier-Erlebnis zu kreieren \u2013 und zwar f\u00fcr&nbsp;beide&nbsp;Seiten. F\u00fcr Kundinnen und Kunden, die uns mit Respekt behandeln und nach unseren Regeln spielen, gehen wir die Extrameile. Alle anderen d\u00fcrfen sich gerne ein anderes Studio suchen. Anzahlung F\u00fcr deinen Tattootermin berechnen wir eine Anzahlung. Diese betr\u00e4gt&nbsp;minimal [&hellip;]<\/p>\n","protected":false},"author":2,"featured_media":0,"parent":0,"menu_order":0,"comment_status":"closed","ping_status":"closed","template":"page-templates\/full-width-page.php","meta":{"_monsterinsights_skip_tracking":false,"_monsterinsights_sitenote_active":false,"_monsterinsights_sitenote_note":"","_monsterinsights_sitenote_category":0,"footnotes":""},"class_list":["post-636","page","type-page","status-publish","hentry"],"aioseo_notices":[],"_links":{"self":[{"href":"https:\/\/skingraphix.de\/web\/index.php\/wp-json\/wp\/v2\/pages\/636","targetHints":{"allow":["GET"]}}],"collection":[{"href":"https:\/\/skingraphix.de\/web\/index.php\/wp-json\/wp\/v2\/pages"}],"about":[{"href":"https:\/\/skingraphix.de\/web\/index.php\/wp-json\/wp\/v2\/types\/page"}],"author":[{"embeddable":true,"href":"https:\/\/skingraphix.de\/web\/index.php\/wp-json\/wp\/v2\/users\/2"}],"replies":[{"embeddable":true,"href":"https:\/\/skingraphix.de\/web\/index.php\/wp-json\/wp\/v2\/comments?post=636"}],"version-history":[{"count":2,"href":"https:\/\/skingraphix.de\/web\/index.php\/wp-json\/wp\/v2\/pages\/636\/revisions"}],"predecessor-version":[{"id":3260,"href":"https:\/\/skingraphix.de\/web\/index.php\/wp-json\/wp\/v2\/pages\/636\/revisions\/3260"}],"wp:attachment":[{"href":"https:\/\/skingraphix.de\/web\/index.php\/wp-json\/wp\/v2\/media?parent=636"}],"curies":[{"name":"wp","href":"https:\/\/api.w.org\/{rel}","templated":true}]}}